highest common factor of r and z?
10
Let c(u) = 2*u**3 + 2*u**2 + 2*u + 2. Let n be c(3). Let l be (48 - -1)*(3 - 2). Suppose 3*q = l - 19. What is the greatest common factor of n and q?
10
Suppose 4*b = -5*z - 0*z + 18193, 2*z = 5*b + 7297. What is the greatest common factor of z and 11?
11
Let j = 23346 - 23176. Let m = 6 + 4. Calculate the greatest common factor of m and j.
10
Suppose -16*l + 456 = -12*l. Let x(a) = -a**3 - 8*a**2 + 3*a - 16. Let i be x(-9). Calculate the highest common factor of i and l.
38
Let m = -553 + 783. Calculate the highest common divisor of m and 10.
10
Let k(s) = -23*s - 4. Let t be k(-3). Suppose -27*r = -28*r. Suppose 9*m = -r*m + 234. Calculate the highest common factor of t and m.
13
Let q = 265 + -242. What is the highest common factor of q and 69?
23
Let p be 527/4 + (-22)/(-88). Suppose -18*a = -14*a - p. What is the highest common factor of 11 and a?
11
Let s(u) = 6*u**3 - u**2 - 5*u + 6. Let p = 1 + 1. Let r be s(p). Suppose 4*i = 3*i + 20. Calculate the highest common divisor of r and i.
20
Let r = -25 + 47. Suppose -r = -5*b + 8. What is the highest common factor of 48 and b?
6
Let u = -1001 + 1055. Calculate the greatest common factor of u and 18.
18
Let r be (-1)/((-1 - -4)/(-39)). Let q be (-18)/(-117) - (-713)/r. What is the greatest common factor of q and 11?
11
Suppose -5*u = 7*i - 3*i - 7, 0 = -3*i - 4*u + 4. Calculate the greatest common divisor of i and 512.
8
Suppose -5*s + 3*t + 950 = -0*s, 399 = 2*s - 5*t. Calculate the greatest common factor of s and 51.
17
Let o = -57 - -92. Let h = -127 + 185. Let x = h - 51. Calculate the greatest common factor of x and o.
7
Let h(x) = x**3 - 16*x**2 - 17*x + 15. Let s be h(17). Suppose 5*u = 9 + 141. Calculate the greatest common divisor of u and s.
15
Let p = 40 - 37. Suppose -2*v + 15 = 3*v. What is the highest common factor of v and p?
3
Let w(y) = -773*y + 1. Let l be w(-3). Suppose l = 5*q + 670. Calculate the highest common factor of q and 30.
30
Suppose -10*t = -841 + 131. What is the greatest common divisor of 923 and t?
71
Suppose -w - 35 = -6*w. Suppose -4*u - 45 = -w*u. Let f = -21398 - -21473. Calculate the highest common divisor of u and f.
15
Suppose 0 = 3*d + 6*d - 9. What is the greatest common factor of d and 53?
1
Let j(w) = -6 - 2*w + 0*w**2 - w**3 - w**2 + 10*w**2. Let p be j(8). Calculate the highest common divisor of p and 6.
6
Let n = 42 + -33. Suppose -3*b + 2*s - 2 + 37 = 0, -5*s = 3*b - 7. Calculate the greatest common divisor of n and b.
9
Let x(i) = 37*i**2 + 77 - 14*i**2 + i - 12*i**2 - 14*i**2 + i**3. Let k be x(0). What is the highest common divisor of k and 11?
11
Let v(d) be the first derivative of d**4/4 + 4*d**3 - 5*d**2 - 5*d - 30. Let x be v(-12). Calculate the highest common factor of x and 23.
23
Suppose -2*n - 5*d + 137 = 0, 7*d - 249 = -4*n + 2*d. Calculate the highest common divisor of 112 and n.
56
Let r = -5 + 7. Let z(v) = -v + 3 + 3*v**r + 2*v**2 - 4*v**2. Let l be z(5). What is the greatest common factor of 161 and l?
23
Suppose 0 = -d - 4 + 1. Let w be d + (5 - -1) - -285. Suppose -c + 5*c - w = 0. Calculate the highest common divisor of c and 9.
9
Let l(n) = 11*n + 132. Let v be l(25). What is the highest common factor of v and 37?
37
Let n = -5 - -11. Suppose 4*y - 4*d = 0, -2*y = -6*y - 3*d - 21. Let i be -10*4/n*y. What is the highest common factor of 8 and i?
4
Suppose -2*s + 5*c = -746, 3*s = 3*c + c + 1105. Suppose i - 36 + 3 = 0. Calculate the greatest common divisor of i and s.
33
Suppose 4*n - 4*s + 328 = -3*s, 0 = 2*n - 5*s + 182. Let o = n + 86. What is the highest common divisor of 45 and o?
5
Suppose 4*i = -5*w + 226, 0 = -2*i - w - 0*w + 116. Suppose 52*n = i*n - 882. What is the greatest common divisor of 36 and n?
18
Suppose -118*v + 864 = -112*v. Calculate the greatest common factor of v and 16.
16
Let y = 613 + -508. Calculate the greatest common divisor of y and 245.
35
Suppose -76 = 2*d - 236. Let w = -1 - 7. Let h = 24 + w. Calculate the greatest common factor of h and d.
16
Let l = 799 + -785. What is the highest common divisor of 105 and l?
7
Let q(o) = o**3 - 8*o**2 - 7*o + 6. Let f be q(9). Let c = f - 15. Let g be 29*1 - (0 - -2). What is the greatest common factor of c and g?
9
Suppose -3*j - 24 = -2*v, 4*j + 12 = v - 0*j. Calculate the greatest common divisor of v and 12.
12
Let q(p) = 5*p**2 + 42*p + 237. Let i be q(-6). Calculate the greatest common factor of 231 and i.
33
Suppose 2*v = -3*r - 194, 4*v - r = r - 356. Let c = v - -163. What is the greatest common divisor of 24 and c?
24
Let c be 49*1 + -29 + 28. Calculate the greatest common divisor of 120 and c.
24
Suppose -5*w + 18 + 52 = 0. Let p be 71/(-2) - (-1)/2. Let o = p - -56. Calculate the highest common divisor of w and o.
7
Suppose 2*q = -4*r + 830, -4*r - 8*q + 4*q = -820. Calculate the highest common factor of r and 15.
15
Let l be (2 - 80/25)*-5. Let q be ((-56)/l)/(3/9 - 1). What is the highest common divisor of 14 and q?
14
Let g = 29 + 109. Suppose 0 = -2*k - 38 + g. What is the highest common factor of k and 10?
10
Let y be 0 - 1 - -1*3/1. Suppose 0 = 5*g + i - 173, -y*i + i - 167 = -5*g. Calculate the greatest common divisor of 102 and g.
34
Let z = 156 - 82. Suppose 0 = 7*i - 2*i - d - z, -4*i + d + 60 = 0. What is the greatest common factor of i and 2?
2
Let d = -632 + 1460. Let l = d + -564. Let r = 38 - 14. Calculate the highest common factor of r and l.
24
Suppose -31*c + 14858 = 7*c. What is the highest common factor of c and 153?
17
Suppose 4*q = 3*o - 2*o + 21, -q - 4*o = -1. Suppose -5*g + 180 = q*g. Let k be (-6)/(-33) + 97/11. What is the greatest common factor of k and g?
9
Let q = 99 - 98. Let f be ((-2)/(-4))/((-5)/(-20)). Calculate the greatest common divisor of q and f.
1
Let r be 1/2*-15*(-680)/100. Calculate the greatest common divisor of r and 204.
51
Let c(b) = -3*b**3 + b**2 - b - 3. Let q be ((-9)/6)/((-9)/30). Let o = 2 - q. Let s be c(o). Calculate the highest common factor of s and 10.
10
Suppose 0 = -t + 5*s - 11 - 18, 25 = -t + 4*s. Let n = t - -30. Calculate the greatest common divisor of n and 14.
7
Suppose 22*g = 4*g + 306. What is the greatest common factor of g and 34?
17
Suppose 0 = 5*d + 3*m - 4250, m + 4*m + 3363 = 4*d. Calculate the highest common factor of 7 and d.
7
Suppose -i + l = 3*i - 114, 110 = 4*i - 3*l. Calculate the highest common factor of 261 and i.
29
Let y be (4 - (11 - 69))*1. Suppose -3 = 6*k - 8*k - b, -6 = -5*k - 4*b. What is the greatest common factor of k and y?
2
Let o = 201 - 148. Calculate the highest common factor of 1 and o.
1
Let o = -1234 + 1339. What is the greatest common factor of 25 and o?
5
Suppose -7 = 3*h + 5. Let a(f) = -f**3 + 8*f**2 + 9*f - 3. Let k be a(h). Calculate the greatest common divisor of 17 and k.
17
Let g be (-6)/(-3) - 7*-6. Suppose 4*l - 4*z = g, 5*l + 9 = 8*l + 5*z. Let o(c) = 70*c - 6. Let s be o(1). Calculate the highest common factor of l and s.
8
Suppose 0*t = 2*v - 5*t - 484, 5*v + 3*t = 1210. Calculate the highest common divisor of 66 and v.
22
Let q(w) = 60*w**3 - 2*w**2 + 2*w + 1. Let d be q(2). What is the greatest common factor of d and 53?
53
Let h = 7 - 2. Suppose h*v - v + 9 = m, 0 = -5*v - 5. Suppose -p + m*n + 21 = 0, 2*p - n + 9 = 42. Calculate the greatest common divisor of 24 and p.
8
Let h = 51 + -98. Let t = h - -48. Calculate the greatest common divisor of t and 8.
1
Suppose -6 = i - 2. Let s(j) = 2*j - 6*j - 3 + 0*j + 0. Let y be s(i). What is the highest common divisor of y and 65?
13
Let o be (-698)/(-26) + (-6)/(-39). Let d = 63 - o. Let v = 12 + d. Calculate the highest common divisor of v and 24.
24
Let f be 2 - 1 - 2 - -2. Let d be 3 + f*(-3 - -4). Let g(o) = o**2 - 2*o + 2. Let p be g(-2). Calculate the highest common factor of d and p.
2
Let z(y) = -y**3 + 30*y**2 - 82*y + 20. Let f be z(20). What is the highest common factor of f and 28?
28
Suppose 0 = -5*a - 19 - 91. Let p = a + 32. Calculate the greatest common divisor of 15 and p.
5
Suppose -w + 28 = g, 5*w - 52 - 58 = 5*g. What is the highest common divisor of w and 400?
25
Let f = 1 - -1. Suppose 3*c + 5 = 2*a - 6, 51 = f*a + 5*c. Suppose 0 = -3*v + a + 26. Calculate the greatest common factor of v and 91.
13
Let c be 28/4 + -4 